{"id":2,"date":"2016-11-04T13:53:50","date_gmt":"2016-11-04T13:53:50","guid":{"rendered":"http:\/\/www.goodtimesagency.com\/?page_id=2"},"modified":"2016-12-27T13:48:26","modified_gmt":"2016-12-27T13:48:26","slug":"about","status":"publish","type":"page","link":"https:\/\/goodtimesagency.com\/?page_id=2","title":{"rendered":"About"},"content":{"rendered":"<p>GOOD TIMES AGENCY ist eine Schweizer Musikagentur, die von Musikern f\u00fcr Musiker gegr\u00fcndet wurde im Jahr 2016 . Haupts\u00e4chlich besch\u00e4ftigt sie sich mit Management, Booking, Promo und Videoproduktionen f\u00fcr K\u00fcnstler. Gerne \u00fcbernimmt sie auch die Rolle als Veranstalter von Konzerten.<\/p>\n<hr \/>\n<p>GOOD TIMES AGENCY is a Swiss music agency which was founded by musicians for musicians in the year 2016. Mainly it helps artists with management, booking, promo and video productions. It also acts as a concert promoter.<\/p>\n","protected":false},"excerpt":{"rendered":"<p>GOOD TIMES AGENCY ist eine Schweizer Musikagentur, die von Musikern f\u00fcr Musiker gegr\u00fcndet wurde im Jahr 2016 . Haupts\u00e4chlich besch\u00e4ftigt sie sich mit Management, Booking, Promo und Videoproduktionen f\u00fcr K\u00fcnstler. Gerne \u00fcbernimmt sie auch die Rolle als Veranstalter von Konzerten. GOOD TIMES AGENCY is a Swiss music agency which was founded by musicians for musicians [&hellip;]<\/p>\n","protected":false},"author":1,"featured_media":0,"parent":0,"menu_order":0,"comment_status":"open","ping_status":"open","template":"","meta":{"footnotes":""},"_links":{"self":[{"href":"https:\/\/goodtimesagency.com\/index.php?rest_route=\/wp\/v2\/pages\/2"}],"collection":[{"href":"https:\/\/goodtimesagency.com\/index.php?rest_route=\/wp\/v2\/pages"}],"about":[{"href":"https:\/\/goodtimesagency.com\/index.php?rest_route=\/wp\/v2\/types\/page"}],"author":[{"embeddable":true,"href":"https:\/\/goodtimesagency.com\/index.php?rest_route=\/wp\/v2\/users\/1"}],"replies":[{"embeddable":true,"href":"https:\/\/goodtimesagency.com\/index.php?rest_route=%2Fwp%2Fv2%2Fcomments&post=2"}],"version-history":[{"count":10,"href":"https:\/\/goodtimesagency.com\/index.php?rest_route=\/wp\/v2\/pages\/2\/revisions"}],"predecessor-version":[{"id":75,"href":"https:\/\/goodtimesagency.com\/index.php?rest_route=\/wp\/v2\/pages\/2\/revisions\/75"}],"wp:attachment":[{"href":"https:\/\/goodtimesagency.com\/index.php?rest_route=%2Fwp%2Fv2%2Fmedia&parent=2"}],"curies":[{"name":"wp","href":"https:\/\/api.w.org\/{rel}","templated":true}]}}